4. Give m(r).
5
Let q(w) = -w**2 - 6*w + 11. Let t be q(-6). Let l(c) = 2*c + 13. Determine l(t).
35
Let b(l) = -l**2 - 12*l - 16. Let h = -898 + 890. Give b(h).
16
Let l(t) = -12*t - 55. Let p be l(-4). Let k(r) = r - 5. Calculate k(p).
-12
Let t(d) = 3*d - 3. Let n = 54 + -34. Suppose 0*v + n = 4*v. Give t(v).
12
Let q(o) = 0*o + o**2 - 6*o**2 + 1 + 4*o**2 - 4*o. What is q(-4)?
1
Suppose 4*y = -3*h + 7*h - 16, -2*h + 3*y = -11. Let m(k) = -5*k**2 - 2. Let c(a) = -a**2 + a - 1. Let r(i) = h*m(i) - 6*c(i). Determine r(4).
-4
Let d(w) be the first derivative of -w**4/4 - 11*w**3/3 - 11*w**2/2 - 3*w + 19. Determine d(-10).
7
Let l(m) = -m**2 - 8*m. Let u(i) = -2*i**2 - 15*i. Let r(b) = -7*l(b) + 4*u(b). Let h be 3/6 + 7 + 21/(-2). What is r(h)?
3
Suppose -3*x - 18 = 4*l, -1 = -0*x + 5*x - 3*l. Let d(u) = -u**2 - u + 2. Let m be d(0). Let w(p) = 8 - 2*p**3 - 7 + m*p + p**3 - p**2. Give w(x).
1
Let s = 3 - 0. Let b(o) = -o**2 + 3*o + 1. Determine b(s).
1
Let c(j) be the third derivative of -j**6/120 + j**3/3 + j**2. Suppose -4*y - 3*y - 35 = 0. Let x be 2 - (-10)/25*y. Calculate c(x).
2
Let s be -6*(2 - (0 + 3)). Suppose -s*k = -12 - 12. Suppose k*c - 2*x = -c + 10, 0 = x - 5. Let q(p) = -p**3 + 4*p**2 - 2*p + 6. What is q(c)?
-2
Let z(s) = -17*s**3 + 1 + 5 - s**2 + s - 6. Suppose -9*m - 18 = -27. What is z(m)?
-17
Let t(h) be the third derivative of h**4/6 + 7*h**3/6 + 5*h**2 - 29. Calculate t(-2).
-1
Let q(l) = 2*l + 5. Suppose 0 = 10*t + 12*t + 88. Calculate q(t).
-3
Let y(d) = -5*d + 7. Suppose -2*i + 4*x = 0, -21 = 4*i - 5*x - 24. Determine y(i).
-3
Let r(p) be the third derivative of p**4/24 - 3*p**3/2 + 20*p**2. Determine r(5).
-4
Let l(w) = w**3 - 4*w**2 + 3*w - 7. Suppose 4*d = 5*d - 4. Let p be l(d). Let k(u) = u + 1. Determine k(p).
6
Let c(n) = n**3 - n**2 - n. Suppose -3*l = l - 8. Let k(h) = -3*h**3 - h**2 + 8*h + 5. Let t(u) = l*c(u) + k(u). Calculate t(-4).
-3
Suppose 2*m + 6*m + 56 = 0. Let w(j) = j**2 - 5. Let z(g) = -3*g**2 - g + 11. Let n(f) = m*w(f) - 3*z(f). Give n(-2).
4
Let i = 34 - 29. Suppose 0 - 2 = 2*o - 4*p, i*o = -5*p + 25. Let s(x) be the first derivative of -x**4/4 + x**3 - 3*x - 1. Calculate s(o).
-3
Let y be (6 - 9)*(1 + -2) + -7. Let q be (3 + y)/((0 - -2)/10). Let k(b) = -4*b + 12. Let u(j) = -5*j + 13. Let h(o) = -6*k(o) + 5*u(o). Calculate h(q).
-2
Suppose 3*t - 12 = 4*c + 4, -c = 4*t + 4. Let k(s) = -s - 17. What is k(t)?
-17
Let p(d) = -d**3 + 5*d**2 - 8*d. Let i be p(4). Let g(s) = 3*s + 50. Give g(i).
2
Let l be 118/5 + (-8)/(-20). Suppose -5*y = -31 - l. Let j(a) = 2*a**2 - 4 - y*a - 7*a + 16*a + a**3. What is j(-3)?
-7
Let h(j) = -6 + 9 - 10*j**2 - 8*j - j**3 + 1 + 9. Determine h(-9).
4
Suppose l - 5*g - 2 = 8, 0 = -g - 4. Let r = l - -11. Let f(z) = -z + 4. Let t(k) = -k + 3. Let n(d) = -4*f(d) + 5*t(d). Calculate n(r).
-2
Let y(v) be the first derivative of -13*v**2/2 + v - 35. Let d(c) = -c**2 + 7*c - 5. Let i = 7 - 1. Let a be d(i). Calculate y(a).
-12
Suppose 2*i - o - 20 = 0, 56 = 5*i - 4*o - 0*o. Let d(t) = -t**3 + 7*t**2 + 9*t - 11. What is d(i)?
-3
Let r(q) = 2*q - 2. Let u(t) = t**2 + 12*t - 2. Let b be u(-12). Let n be (2 - b/(-4))*(10 + -12). Determine r(n).
-8
Let n(o) be the second derivative of 5*o**3/6 + 2*o**2 + 250*o. Suppose -3*i - 5 = -d + 3, 5*i + 18 = -3*d. Calculate n(i).
-11
Let b(h) = 2*h**3 - 10*h**2 - 3*h + 2. Let a(o) = -o**3 + o**2 - o. Let k(m) = -3*a(m) - b(m). Suppose 0 = -59*y - 73 - 222. Give k(y).
18
Let g(w) = w - 372 + 738 - 376. What is g(0)?
-10
Let p(c) = c**3 - 6*c**2 + 8*c + 3. Let o(m) = m. Suppose l = -10 + 9. Let y(d) = l*p(d) + 3*o(d). Give y(5).
-3
Let u(x) be the first derivative of -x**2/2 - 8*x + 115. Calculate u(8).
-16
Let y(t) = 3*t + 0*t - 6*t. Let h(c) be the first derivative of 2*c**2 + 13*c + 18. Let w be h(-3). Give y(w).
-3
Let c = -37 + 40. Let k(o) = 2*o + c*o**2 + o - 4*o - 4*o**2. Calculate k(-5).
-20
Let y(k) = -k**2 - k - 2. Let v(b) = 7*b**2 - 4*b + 4. Let a(h) = -v(h) - 6*y(h). Calculate a(8).
24
Suppose -s + 10 = 3. Let f(r) be the second derivative of r**4/12 - 4*r**3/3 + 7*r**2/2 - 5*r. Calculate f(s).
0
Let y(x) = x**2 - 3*x + 4. Let d be (60/50)/((-2)/(-40)). Suppose 0 = -q + n + 8, 4 = -q + 5*n + d. Calculate y(q).
14
Let p(a) = 3 - a + 3 - a. Let w = -3897 - -3903. Determine p(w).
-6
Let p be (-1)/(-2)*(31 + -25). Let t(l) be the first derivative of -p*l + 2 + 5/2*l**2. Determine t(2).
7
Let q(n) be the second derivative of -1/3*n**3 + 0 + 2*n + 1/2*n**2. Suppose -57 = -44*t + 31. Determine q(t).
-3
Let i(a) = 294*a - 40*a**2 - 294*a - 2 + 41*a**2 - 5. Determine i(6).
29
Let c(d) = d**3 + 5*d**2 - 2. Let t = -73 - -105. Let v = t + -36. Give c(v).
14
Let h(k) = k**2 - 2*k - 1. Let f(a) = -a**2 + a - 1. Let l be f(-6). Let o = -29 - l. Suppose -5*d = -o - 1. Calculate h(d).
2
Let a(n) be the first derivative of -n**4/4 + n**2 + n - 154. Let v be -6*(-1 - (-2)/6). Suppose p - 3 = -v. Determine a(p).
0
Let s = 15 - 5. Let i be s/14 + (-34)/(-119). Let o(w) = w**3 + w - 1. Determine o(i).
1
Let y(r) = -3*r + 167. Let z be y(52). Let n(s) = -s**2 + 11*s + 16. Calculate n(z).
16
Let m(a) = 2*a**2 + 11*a - 9. Let i(f) = -f**2 - 5*f + 5. Let p(n) = 5*i(n) + 3*m(n). Determine p(-6).
-14
Let u(w) be the first derivative of -2*w**2 + w + 2 - 1/3*w**3. Let q be ((-6)/5)/((-12)/20 + 1). Give u(q).
4
Let v(f) = 2*f - 7. Let x be v(7). Let z(o) = -113*o**2 - 3 + 114*o**2 - 2*o + x*o. What is z(-6)?
3
Let o be -3 - (2 - (3 - -1)). Let f(q) = -7*q**3 - q**2 - q - 1. Let i be f(o). Let g(m) = -m**2 + 5 - i*m - 3*m**2 + 3*m**2 + 0*m. Give g(-6).
5
Let u(c) = -2*c**2 + c - 1. Suppose 2*b = -72 + 272. Suppose 0 = -3*h + 8*h - b. Let q = -19 + h. Give u(q).
-2
Let g = -41 + 39. Let k be (2 - 0) + (g - 3)/5. Let f(r) = -6*r**2 + r. What is f(k)?
-5
Let c(k) = k**3 + 5*k**2 - 7. Suppose -3*u + 21 = -6*u. Let f = 2 + u. What is c(f)?
-7
Let d(k) = 5*k + 2*k - 3*k - 2*k - k**2 - 1. Suppose 2*r + 0 - 10 = 2*h, 5*h + 5*r + 5 = 0. Let n be -3 + (3 - (h - -2)). Give d(n).
0
Let h(o) = 2*o**2 - 3*o**2 - 2 - 33*o + 1 + 32*o - 10*o**3. Let c = -21 - -20. Give h(c).
9
Suppose -4*v = 4*u - 16, 0 = 2*u - 6*u + v + 1. Let w(h) = 24*h - 1. Give w(u).
23
Let a(n) = -n**3 - 5*n**2 - 3*n + 4. Let f(h) = -h**3 + 3*h**2 - h - 1. Suppose -5*t + 11 = -4*u, -4*t - 5*u = -9*t + 10. Let y be f(t). What is a(y)?
0
Let f(j) = -12*j + 28. Let l(u) = 4*u - 9. Let c(b) = -5*f(b) - 16*l(b). Let h be 1 - -8 - (7 + -1). What is c(h)?
-8
Let v = -5 + -7. Let b = v - -10. Let w be 1/b - 26/(-4). Let d(j) = j**3 - 6*j**2. Determine d(w).
0
Let w = -7 + 9. Let y(r) = -2*r + 8*r - w*r + 3*r + 1 - r**2. What is y(5)?
11
Let b(q) = -q**3 - 10*q**2 - 11*q - 3. Let u be b(-9). Suppose 0 = -20*d + u*d - 40. Let p = d - -13. Let f(a) = a**3 - 4*a**2 - 8*a + 4. Give f(p).
-11
Suppose 0 = 4*n - q - 20, -5*q = -n + 552 - 566. Let w(u) = -3*u**3 - 7*u**2 + 9*u. Let t(b) = b**3 - b + 1. Let o(y) = 4*t(y) + w(y). Determine o(n).
-2
Let g(z) = -z**2 + 3*z**2 + 2 - 5*z**2 - 116445*z + 116465*z. What is g(7)?
-5
Let m(g) = 8*g**3 + 3*g**2 - 2. Let b be -1*(-1)/3 + (-6)/(-9). Determine m(b).
9
Let h(n) = n**3 - 26*n**2 - 57*n + 31. Let g(w) = w + 28. Let y be g(0). Let b be h(y). Let j(p) = 2*p**2 - 4. What is j(b)?
14
Let f(g) = -g**2 + 15*g - 1. Suppose -3*b - 4*u = -37, -2*u = -3*b + 13 + 36. Give f(b).
-1
Let i = 3 + -4. Let v = -3 - i. Let s(f) = -6*f**2 - 6*f - 264. Let p(w) = -5*w**2 - 5*w - 226. Let t(z) = -7*p(z) + 6*s(z). Give t(v).
-4
Let d(y) = 6*y + 30. Let c be d(-6). Let s(h) = -7*h**3 - h**2 - 5*h + 1. Let z(m) = 8*m**3 + 5*m - 2. Let j(o) = c*z(o) - 7*s(o). Determine j(-6).
11
Let w(u) = u**2 + u - 1. Let o(k) = -k**3 + 4*k**2 - 2*k + 5. Let h(m) = o(m) + 2*w(m). Let y(l) = 16*l - 74. Let b be y(5). What is h(b)?
3
Let p(w) = w + 1. Suppose -7*g + 6*g = -5. Let c(v) = v + 3. Let n be c(7). Suppose -g*b = -n*b + 10. Calculate p(b).
3
Suppose -2*s + u - 5 = 0, 2*s - 7*s = 5*u + 5. Let i(p) be the second derivative of -p**4/4 - p**3/3 + p**2/2 - 12*p. Calculate i(s).
-7
Let p(q) = -q**3 + 5*q**2 + 3*q + 1. Let m(x) be the first derivative of x**4/2 - 5*x**3/3 - 3*x**2/2 - x + 34. Let b(s) = 2*m(s) + 3*p(s). Calculate b(-4).
5
Let r(a) = 3*a - 2. Let k(t) = 6*t + 54. Let q be k(-8). What i